, 251, 563
List the prime factors of 103298396.
2, 283, 91253
What are the prime factors of 361951856?
2, 7, 937, 3449
List the prime factors of 157335509.
31, 157, 32327
List the prime factors of 19732799.
491, 40189
List the prime factors of 188273812.
2, 19, 337, 7351
List the prime factors of 73953083.
83, 891001
What are the prime factors of 110356804?
2, 107, 401, 643
What are the prime factors of 1768482933?
3, 7, 59, 1427347
List the prime factors of 7544692.
2, 1886173
What are the prime factors of 498901905?
3, 5, 19, 583511
What are the prime factors of 2877469736?
2, 929, 387173
What are the prime factors of 40306634?
2, 31, 650107
List the prime factors of 1316475201.
3, 59, 83, 89611
What are the prime factors of 369348671?
12589, 29339
List the prime factors of 72382160.
2, 5, 904777
What are the prime factors of 1072322461?
7, 153188923
List the prime factors of 259590534.
2, 3, 7, 882961
List the prime factors of 278657899.
13, 317, 67619
List the prime factors of 493940096.
2, 13, 101, 2939
What are the prime factors of 107677769?
19, 383, 14797
List the prime factors of 1229180489.
1229180489
List the prime factors of 277763085.
3, 5, 17, 283, 1283
What are the prime factors of 829777588?
2, 207444397
What are the prime factors of 1124783026?
2, 61, 349, 26417
What are the prime factors of 5546265085?
5, 401, 2766217
What are the prime factors of 911727785?
5, 182345557
What are the prime factors of 85681963?
19, 139, 32443
List the prime factors of 60299824.
2, 13, 131, 2213
What are the prime factors of 1244118170?
2, 5, 6229, 19973
List the prime factors of 1794058293.
3, 73, 233, 35159
What are the prime factors of 160527387?
3, 331, 161659
List the prime factors of 35253770.
2, 5, 3525377
List the prime factors of 306487266.
2, 3, 31, 1647781
List the prime factors of 410583068.
2, 7, 14663681
What are the prime factors of 64929914?
2, 7, 43, 107857
List the prime factors of 145625547.
3, 48541849
List the prime factors of 269646032.
2, 97, 173741
List the prime factors of 24673369.
7, 3524767
List the prime factors of 548347213.
548347213
What are the prime factors of 6058869603?
3, 131, 15416971
What are the prime factors of 234625793?
13451, 17443
List the prime factors of 462176339.
15391, 30029
What are the prime factors of 4253265196?
2, 149, 277, 25763
What are the prime factors of 117822516?
2, 3, 7, 139, 10091
List the prime factors of 1399497945.
3, 5, 31, 431, 6983
What are the prime factors of 15277227?
3, 7, 727487
What are the prime factors of 18960175?
5, 13, 227, 257
List the prime factors of 144533488.
2, 11, 587, 1399
What are the prime factors of 101252350?
2, 5, 37, 229, 239
What are the prime factors of 220783681?
277, 797053
List the prime factors of 7695052.
2, 1923763
What are the prime factors of 1583402829?
3, 19, 103, 283, 953
List the prime factors of 2950528932.
2, 3, 13, 1277, 4937
What are the prime factors of 1371326514?
2, 3, 228554419
List the prime factors of 5462289184.
2, 11, 131, 118457
List the prime factors of 20576644.
2, 11, 467651
List the prime factors of 26840872.
2, 83, 40423
What are the prime factors of 17226409?
139, 123931
What are the prime factors of 1660940005?
5, 19, 17483579
What are the prime factors of 838412148?
2, 3, 7, 79, 18049
List the prime factors of 1325909416.
2, 13, 101, 126229
What are the prime factors of 1239420078?
2, 3, 13, 41, 129187
What are the prime factors of 45290019?
3, 15096673
List the prime factors of 5872256.
2, 13, 3529
What are the prime factors of 529953888?
2, 3, 29, 190357
List the prime factors of 3755002344.
2, 3, 4289, 36479
What are the prime factors of 46997215?
5, 37, 254039
What are the prime factors of 2317462254?
2, 3, 128747903
List the prime factors of 306429998.
2, 7, 17, 271, 4751
List the prime factors of 767767.
7, 11, 13, 59
What are the prime factors of 34683087?
3, 103, 107, 1049
List the prime factors of 27776822.
2, 19, 730969
List the prime factors of 5940298.
2, 7, 13, 127, 257
List the prime factors of 42699235.
5, 8539847
List the prime factors of 216357385.
5, 17, 449, 5669
What are the prime factors of 3131406140?
2, 5, 223, 307, 2287
List the prime factors of 895081405.
5, 313, 431, 1327
What are the prime factors of 88054482?
2, 3, 67, 219041
What are the prime factors of 37122563?
71, 522853
List the prime factors of 1909219705.
5, 811, 470831
What are the prime factors of 26455637?
13, 101, 20149
What are the prime factors of 333637377?
3, 41, 347, 7817
List the prime factors of 16560423.
3, 11, 37, 137
List the prime factors of 1658305544.
2, 7, 29612599
List the prime factors of 5996347061.
36919, 162419
List the prime factors of 4985562967.
7, 11, 1321379
List the prime factors of 230684994.
2, 3, 12815833
List the prime factors of 584731022.
2, 73, 139, 28813
List the prime factors of 229244568.
2, 3, 7, 47, 29033
What are the prime factors of 427420224?
2, 3, 7, 11, 23, 419
List the prime factors of 1054071737.
8429, 125053
List the prime factors of 2412183672.
2, 3, 11167517
List the prime factors of 593271260.
2, 5, 29663563
What are the prime factors of 4737364967?
37, 41, 3122851
List the prime factors of 334621697.
334621697
What are the prime factors of 87919253?
977, 89989
List the prime factors of 1636978350.
2, 3, 5, 7, 109, 14303
What are the prime factors of 124101357?
3, 1867, 22157
List the prime factors of 324720543.
3, 7, 1153, 13411
What are the prime factors of 46014212?
2, 11503553
List the prime factors of 1444062018.
2, 3, 7, 29, 1185601
What are the prime factors of 4995234?
2, 3, 277513
What are the prime factors of 380486805?
3, 5, 211, 239, 503
What are the prime factors of 739350108?
2, 3, 7, 653, 4493
List the prime factors of 79588273.
113, 704321
What are the prime factors of 1910067078?
2, 3, 29, 271, 40507
What are the prime factors of 222650938?
2, 17, 47, 277, 503
List the prime factors of 1830286820.
2, 5, 91514341
What are the prime factors of 509575289?
17, 29975017
What are the prime factors of 4236303428?
2, 7, 2999, 7207
List the prime factors of 52361961.
3, 23, 41, 83, 223
What are the prime factors of 1128608?
2, 13, 2713
List the prime factors of 157924194.
2, 3, 26320699
What are the prime factors of 679673003?
223, 3047861
List the prime factors of 3573501826.
2, 1786750913
List the prime factors of 41849145.
3, 5, 13, 71537
List the prime factors of 37654896.
2, 3, 47, 16691
List the prime factors of 40926637.
23, 1087, 1637
List the prime factors of 279881073.
3, 59, 193, 2731
List the prime factors of 23976451.
499, 48049
What are the prime factors of 718804599?
3, 19, 1283, 9829
What are the prime factors of 30996071?
4283, 7237
List the prime factors of 104341449.
3, 29, 109, 11003
List the prime factors of 11317040.
2, 5, 7, 2887
List the prime factors of 408577550.
2, 5, 2309, 3539
List the prime factors of 1745017543.
347, 5028869
What are the prime factors of 1219712348?
2, 304928087
List the prime factors of 108575598.
2, 3, 113, 160141
What are the prime factors of 315894939?
3, 105298313
List the prime factors of 328516989.
3, 109505663
What are the prime factors of 3034543097?
31, 97888487
What are the prime factors of 1327611272?
2, 13, 981961
What are the prime factors of 358437621?
3, 41, 89, 137, 239
What are the prime factors of 2373543188?
2, 593385797
What are the prime factors of 47674386?
2, 3, 67, 13177
What are the prime factors of 106875865?
5, 21375173
List the prime factors of 181243025.
5, 311, 23311
What are the prime factors of 198330880?
2, 5, 11, 7043
List the prime factors of 30200477.
41, 163, 4519
List the prime factors of 60531285.
3, 5, 23, 175453
What are the prime factors of 287994147?
3, 7, 83, 165229
List the prime factors of 732488967.
3, 7, 3875603
List the prime factors of 3283964893.
11, 6367, 46889
List the prime factors of 575134202.
2, 43, 107, 62501
List the prime factors of 3245262839.
7, 13, 35662229
List the prime factors of 546266200.
2, 5, 2731331
List the prime factors of 4144899495.
3, 5, 11, 19, 1322137
List the prime factors of 1322290650.
2, 3, 5, 1787, 4933
What are the prime factors of 208208881?
43, 4842067
What are the prime factors of 4167955502?
2, 37, 56323723
What are the prime factors